Let j be a(7). Suppose -j = -13*y - 908. What is the units digit of y?
2
Let g(v) = -v - 2. Let w be g(-6). What is the tens digit of (-126)/w*(-4)/3?
4
Suppose 17*o = 21*o - 52. Suppose b = -0*b + q + 31, -5*b + 164 = -2*q. Let x = b - o. What is the tens digit of x?
2
Suppose 0 = -3*w + w - 4, 4*l = -w + 258. Suppose -211 = -4*d + 2*r + 139, 0 = -d + 5*r + l. What is the tens digit of d?
9
Suppose 51 = -3*y - 36. Let x = y + 66. What is the tens digit of x?
3
Suppose 6*l + m = l - 1, -l = -2*m + 9. What is the units digit of (2460/36)/(l/(-3))?
5
Let u(y) = 3*y**2 + 2*y + 65. What is the hundreds digit of u(24)?
8
Suppose -g = 2*s - 4 - 0, -2*g = -5*s + 19. Let t be 5/(-2) + s/6. What is the units digit of 30/12 + t/(-4)?
3
What is the units digit of 4312/10 + (-2)/10?
1
Suppose -12*u - 2093 = -4*s - 17*u, 0 = -u - 3. What is the units digit of s?
7
Let n be 36*291*(-1)/(-9). Suppose n + 42 = 9*l. What is the tens digit of l?
3
Suppose 4*v - 11044 = -3*u - 31, 4*u = 4*v - 11020. What is the tens digit of v?
5
Suppose 0 = 4*t + 5*o + 159, 5*t - 3*o = -5*o - 186. Let u = t - 4. What is the units digit of (-5 + 2)/(-3) - u?
1
Suppose p - 5*x = 245, -3*p + 5*x + 783 = 2*x. What is the tens digit of p?
6
Suppose -5*q + 787 = -668. Suppose -q - 39 = -3*h. Suppose h = 5*s + l, -s + l = 2*l - 26. What is the tens digit of s?
2
Let t be (20/(-6))/(6/(-9)). Let x(c) = c**2 - 5*c + 4. Let b be x(t). Suppose b*q + 9 - 49 = 0. What is the units digit of q?
0
Let s = -59 - -66. What is the hundreds digit of (s + 231/(-35))*275*1?
1
What is the units digit of 3195 + ((-171)/(-63) - (-8)/28)?
8
Let q = 161 + 155. Suppose -8*z = 116 - q. What is the tens digit of z?
2
Let q(h) be the second derivative of h**5/20 - h**4/6 + h**3/6 + 2*h**2 - 23*h. What is the units digit of q(4)?
0
Suppose -3*r = -2*q + 1 + 3, 0 = r - q + 3. Suppose 0 = t + r*t + 9. What is the units digit of 2 - (1 - 3 - t)?
1
Let n(u) = -5*u - 20*u + 9*u - 39. What is the tens digit of n(-13)?
6
Suppose -y + 60 - 57 = 0. Suppose 3*f = -5*k + 1318, -4*k + y*f + 0*f + 1076 = 0. What is the hundreds digit of k?
2
Let p(u) = -u + 13. Let w be p(10). Suppose -g + 13 = -d + 4*d, 19 = w*g + 4*d. What is the units digit of g*(2 + -3 - -27)?
6
Let r(t) = -t**3 + 10*t**2 - 12*t + 4. Let d be (6/(-3) - 1) + 11. Let n be r(d). Suppose 4*j - 84 = -4*c, 4*c + n = 5*j - 69. What is the tens digit of j?
2
Let r = 498 - -328. What is the units digit of r?
6
Let v(r) = 58 + 26 - 2*r + r. What is the units digit of v(0)?
4
Let a = -9 - -16. Let l = -3 + a. What is the units digit of (l + 17)/(2/2)?
1
Let d(u) be the third derivative of u**6/120 + u**5/6 + 7*u**4/24 - u**3/6 + 23*u**2. What is the units digit of d(-8)?
1
Suppose 72 = -11*f + 3*f. Let v(i) = -i**3 - 8*i**2 - 8*i - 31. What is the tens digit of v(f)?
2
Suppose 1074 = 2*l + 4*p, 725 = -2*l - 5*p + 1797. What is the tens digit of l?
4
Let b = 422 - -1047. What is the units digit of b?
9
Suppose 4*o = 0, 5*x + 22*o = 23*o + 2490. What is the units digit of x?
8
Let s be 6/8 - 79/4. Let j = s - -15. What is the tens digit of j/2 - (-10 - 3)?
1
Let w = -6 - -4. What is the hundreds digit of ((-996)/9)/(w/3)?
1
Let j(z) = -10*z**3 - 7*z**2 - 6*z - 2. What is the hundreds digit of j(-5)?
1
Suppose 0*k - 275 = 55*k. Let h(b) be the third derivative of -b**5/60 - 5*b**4/12 - 7*b**3/6 + b**2. What is the tens digit of h(k)?
1
Let n(c) = -13*c**3 + 2*c**2 + 6*c + 9. What is the hundreds digit of n(-3)?
3
Suppose -3*b = 2*r - 260, 160 = 3*b - b + 4*r. Let y = 161 - b. What is the units digit of y?
1
Suppose -5*n = -5 - 10. Suppose 0 = 5*h - 2*j - 3*j - 285, 0 = -n*h - 5*j + 139. What is the tens digit of h?
5
What is the tens digit of 6219/45 + (-3)/15?
3
Let j be (-4)/10 - 44*24/(-15). Let v = j - 37. What is the units digit of v?
3
Let x be (1*(6 - 15))/(1/3). Let a = x - -99. What is the units digit of a?
2
Suppose 0 = -3*s - 4*l + 350, 139 - 5 = s - 3*l. What is the hundreds digit of s?
1
Let i(f) be the third derivative of f**5/60 - 7*f**4/12 - 20*f**3/3 + 21*f**2. What is the units digit of i(20)?
0
Let f be (8/6)/(9/54). Let b(r) = 3*r - 1. Let v be b(-2). What is the units digit of v/(28/f) + 10?
8
Let w be 4*((-150)/(-72) + 1/(-3)). Let a(o) be the third derivative of -o**6/120 + 2*o**5/15 - o**4/6 - o**2. What is the units digit of a(w)?
1
Suppose -7*s + 2*s = -d - 3041, 0 = s + d - 607. What is the tens digit of s?
0
Let o(c) = -3*c**2 - 4*c + 14. Let l(r) = -7*r**2 - 9*r + 27. Let q(s) = -4*l(s) + 9*o(s). What is the units digit of q(0)?
8
Let d(g) be the second derivative of -g**4/12 + 2*g**3 + g**2 - 7*g. Let p be d(10). Suppose -3*t = -74 - p. What is the units digit of t?
2
Suppose -4*q + 3397 = f, 128*q = -5*f + 132*q + 17009. What is the hundreds digit of f?
4
What is the units digit of ((-219)/2)/((-99)/264)?
2
Suppose -1426 = -7*u + 8066. What is the units digit of u?
6
Let t(k) = k - 4. Let p be t(6). Suppose 5*n - 2*o = o + 78, p*n - 28 = -2*o. What is the units digit of 3 + -5 + 0 + n?
3
Let k = 198 + -51. Let g = k - 80. Suppose 3 + g = 2*l. What is the units digit of l?
5
Let k(x) be the third derivative of -11*x**4/12 - x**3 - 24*x**2. What is the hundreds digit of k(-5)?
1
Let l(x) = -3*x - 12. Suppose 20 = 3*k + 4*m, 4 + 6 = 5*k + 2*m. Let u = k - 8. What is the units digit of l(u)?
2
Suppose 4*a = 257 + 103. Suppose 0 = -3*z - 3*h + a, -3*z = 2*h + 2*h - 94. What is the units digit of z?
6
Let m(k) = -2*k + 4. Let v be m(5). Let r be (v/6)/(1/(-3)). Suppose -5*s + 13 + 16 = r*p, 3*s - 27 = 3*p. What is the units digit of s?
7
Let f(x) = -11*x + 28. Let u be f(6). Suppose -4*n + 3*i - 15 - 7 = 0, -2 = -i. What is the units digit of u/n + 4/8?
0
Let k(r) be the second derivative of -r**4/24 + r**3/3 + r**2 + 13*r. Let z(y) be the first derivative of k(y). What is the tens digit of z(-12)?
1
Suppose 4*q - 7546 = -5*t, 69*q = t + 68*q - 1502. What is the thousands digit of t?
1
Let q = 779 + -444. What is the units digit of q?
5
Let b be (-20727)/117 - 4/(-26). Let d = b + 253. What is the tens digit of d?
7
Let d(h) = h**3 + 8*h**2 - 4*h - 8. Let s be d(-6). Suppose 2*f + 4*b - s = 0, 2*f - 39 = -2*b + 55. Let u = f + 16. What is the tens digit of u?
6
Suppose -2*j = 3*m, 0*m - 12 = -3*m + 2*j. Suppose m*p = f - 45, -2*f + 2*p - 3*p + 95 = 0. What is the units digit of f?
7
Let a = -2350 - -4021. What is the hundreds digit of a?
6
Let s(m) = -11*m**3 + 2*m**2 - m + 1. Suppose -4*b + 10 = -3*f + 33, -4*f + 24 = -2*b. What is the units digit of s(b)?
9
Let z = 32 + -30. Let n(o) = -o**3 + 5 + 13*o - 7*o + 2*o**3 - 5*o**z. What is the tens digit of n(4)?
1
Let r(w) = -8 + 14 - 3 + 86*w - 4*w. What is the tens digit of r(1)?
8
Let p(o) = o**3 + o**2 - 2*o - 72. What is the units digit of p(8)?
8
Let s = -2 + 0. Let v = 2 - s. Suppose -2*c + 80 = 4*h, -c - 18 + v = -h. What is the tens digit of h?
1
Let r(x) = -4*x**2 - 11*x + 2. Let m be r(19). What is the units digit of (m/39)/(1/(-3))?
7
Suppose -3 = -c, s + 5*c - 2 = 4. Let f = 143 - s. What is the hundreds digit of f?
1
Suppose -11*g + 0*g = -990. What is the tens digit of g?
9
Let b be (525/28)/((-2)/8). What is the units digit of 438/10 + (-15)/b?
4
Suppose 0 = -421*t + 419*t - 2*o + 2866, -5732 = -4*t + o. What is the tens digit of t?
3
Suppose -19 = -w + 5*y, -3*w + 3*y = y - 5. Let s = w - -9. What is the tens digit of s/(-6) + 2850/45?
6
Suppose o - 786 = -4*b, 12*b - 802 = -o + 16*b. What is the units digit of o?
4
Suppose -3*o + 46 = -4*n, 0*o = -4*o + 5*n + 61. Let a be (-14)/((-7)/(o/4)). Suppose -t + 14 = -a. What is the units digit of t?
1
Let s(h) = -146*h + 68. What is the units digit of s(-5)?
8
Let l = -5688 - -11731. What is the units digit of l?
3
Let n(i) = -i**3 + 2*i**2 + i - 1. Let w be n(1). Let u be 6/(-12)*(w + -1). Suppose 3 = -3*j - 0*v - 2*v, u = -4*j + 4*v + 16. What is the units digit of j?
1
Let n be (-7)/(-21) + (-20)/6. What is the tens digit of (3/6)/(n/(-546))?
9
Let p be (1 - (-20)/4) + -3. Suppose -3*z = 6*i - p*i + 12, 0 = -5*z + i - 14. What is the units digit of z/(-6)*2 - -43?
4
What is the units digit of -2 + 5 - (-907 - 4)?
4
Let m(z) = z**3 + 9*z**2 + 24*z. Let k be m(-4). Suppose -2*t + 2*y = 98, -y = 3*t + 83 + 76. Let p = k - t. W